{"id":9,"date":"2025-03-16T17:22:14","date_gmt":"2025-03-16T16:22:14","guid":{"rendered":"https:\/\/lavoieduphenix.fr\/?page_id=9"},"modified":"2025-10-11T15:48:09","modified_gmt":"2025-10-11T13:48:09","slug":"qui-suis-je","status":"publish","type":"page","link":"https:\/\/lavoieduphenix.fr\/index.php\/qui-suis-je\/","title":{"rendered":"Qui suis-je ?"},"content":{"rendered":"\n<p>Psycho-praticienne gestaltiste depuis 2004, je suis form\u00e9e \u00e0 plusieurs syst\u00e8mes de Reiki et \u00e0 la pratique chamanique. La Gestalt (autonomie, responsabilit\u00e9 et cr\u00e9ativit\u00e9) est le socle d\u00e9ontologique et philosophique sur lequel se posent tous mes outils et toutes mes approches. Je me reconnais aujourd\u2019hui dans une approche transpersonnelle de l\u2019accompagnement psychoth\u00e9rapeutique. Ma pratique actuelle est le fruit des formations et des initiations que j&rsquo;ai re\u00e7ues, des rencontres et de mes incessantes recherches pour relier le visible et l\u2019invisible en Soi.<\/p>\n\n\n\n<p>J&rsquo;ai cr\u00e9\u00e9 la Voie du Ph\u00e9nix pour prendre soin, enseigner \u00e0 tous et former des th\u00e9rapeutes sur cette voie alchimique. <\/p>\n\n\n\n<p class=\"has-text-align-center\"><strong>La voie du Ph\u00e9nix<\/strong> constitue ma Tradition, celle que j&rsquo;ai \u00e0 offrir au monde.<\/p>\n\n\n\n<p><strong>Ce que je fais<\/strong> : <\/p>\n\n\n\n<p>Je connecte chacun \u00e0 la conscience de la vibration dont il est porteur pour qu&rsquo;il la mette en action. Comme les anciens postes de radio, j&rsquo;aide \u00e0 trouver la bonne fr\u00e9quence vibratoire, l\u00e0 o\u00f9 le message est audible et o\u00f9 la vie devient fluide, joyeuse et facile.<\/p>\n\n\n\n<p>Mes 4 portes d&rsquo;entr\u00e9e :<\/p>\n\n\n\n<ul class=\"wp-block-list\">\n<li><a href=\"https:\/\/lavoieduphenix.fr\/index.php\/gestalt\/\" data-type=\"page\" data-id=\"221\">Gestalt<\/a><\/li>\n\n\n\n<li><a href=\"https:\/\/lavoieduphenix.fr\/index.php\/chamanisme\/\" data-type=\"page\" data-id=\"225\">Chamanisme<\/a> <\/li>\n\n\n\n<li><a href=\"https:\/\/lavoieduphenix.fr\/index.php\/alchimie\/\" data-type=\"page\" data-id=\"229\">Alchimie<\/a><\/li>\n\n\n\n<li><a href=\"https:\/\/lavoieduphenix.fr\/index.php\/tarot\/\" data-type=\"page\" data-id=\"233\">Tarot<\/a><\/li>\n<\/ul>\n\n\n\n<p><strong>Comment je le fais<\/strong> : <\/p>\n\n\n\n<p>Forte de tous les outils accumul\u00e9s au fil du temps, je travaille sur mesure pour vous remettre \u00e0 l&rsquo;\u00e9coute de ce qui est Grand en vous.<\/p>\n\n\n\n<p>Outre les 4 portes d&rsquo;entr\u00e9e cit\u00e9es plus haut, il m&rsquo;arrive d&rsquo;utiliser des Ailes pour humains, de solliciter l&rsquo;avis de mes g\u00e9ants int\u00e9rieurs, de cr\u00e9er des rituels psycho-magiques&#8230;<\/p>\n","protected":false},"excerpt":{"rendered":"<p>Psycho-praticienne gestaltiste depuis 2004, je suis form\u00e9e \u00e0 plusieurs syst\u00e8mes de Reiki et \u00e0 la pratique chamanique. La Gestalt (autonomie, responsabilit\u00e9 et cr\u00e9ativit\u00e9) est le socle d\u00e9ontologique et philosophique sur lequel se posent tous mes outils et toutes mes approches. Je me reconnais aujourd\u2019hui dans une approche transpersonnelle de l\u2019accompagnement psychoth\u00e9rapeutique. Ma pratique actuelle est le fruit des formations et des initiations que j&rsquo;ai re\u00e7ues, des rencontres et de mes incessantes recherches pour relier le visible et l\u2019invisible en Soi. J&rsquo;ai cr\u00e9\u00e9 la Voie du Ph\u00e9nix pour prendre soin, enseigner \u00e0 tous et former des th\u00e9rapeutes sur cette voie alchimique. La voie du Ph\u00e9nix constitue ma Tradition, celle que j&rsquo;ai \u00e0 offrir au monde. Ce que je fais : Je connecte chacun \u00e0 la conscience de la vibration dont il est porteur pour qu&rsquo;il la mette en action. Comme les anciens postes de radio, j&rsquo;aide \u00e0 trouver la bonne fr\u00e9quence&hellip;<\/p>\n<p> <a class=\"more-link\" href=\"https:\/\/lavoieduphenix.fr\/index.php\/qui-suis-je\/\">Lire la suite<\/a><\/p>\n","protected":false},"author":1,"featured_media":0,"parent":0,"menu_order":0,"comment_status":"closed","ping_status":"closed","template":"","meta":{"footnotes":""},"class_list":["post-9","page","type-page","status-publish"],"_links":{"self":[{"href":"https:\/\/lavoieduphenix.fr\/index.php\/wp-json\/wp\/v2\/pages\/9","targetHints":{"allow":["GET"]}}],"collection":[{"href":"https:\/\/lavoieduphenix.fr\/index.php\/wp-json\/wp\/v2\/pages"}],"about":[{"href":"https:\/\/lavoieduphenix.fr\/index.php\/wp-json\/wp\/v2\/types\/page"}],"author":[{"embeddable":true,"href":"https:\/\/lavoieduphenix.fr\/index.php\/wp-json\/wp\/v2\/users\/1"}],"replies":[{"embeddable":true,"href":"https:\/\/lavoieduphenix.fr\/index.php\/wp-json\/wp\/v2\/comments?post=9"}],"version-history":[{"count":25,"href":"https:\/\/lavoieduphenix.fr\/index.php\/wp-json\/wp\/v2\/pages\/9\/revisions"}],"predecessor-version":[{"id":340,"href":"https:\/\/lavoieduphenix.fr\/index.php\/wp-json\/wp\/v2\/pages\/9\/revisions\/340"}],"wp:attachment":[{"href":"https:\/\/lavoieduphenix.fr\/index.php\/wp-json\/wp\/v2\/media?parent=9"}],"curies":[{"name":"wp","href":"https:\/\/api.w.org\/{rel}","templated":true}]}}