{"id":25,"date":"2025-05-03T15:43:46","date_gmt":"2025-05-03T13:43:46","guid":{"rendered":"https:\/\/lavoieduphenix.fr\/?page_id=25"},"modified":"2025-06-26T11:48:47","modified_gmt":"2025-06-26T09:48:47","slug":"les-ateliers-du-phenix","status":"publish","type":"page","link":"https:\/\/lavoieduphenix.fr\/index.php\/les-ateliers-du-phenix\/","title":{"rendered":"Ateliers du Ph\u00e9nix"},"content":{"rendered":"\n<p><strong>L\u2019alchimie Blanche est une voie initiatique qui permet d\u2019\u00e9clairer le chemin vers <a href=\"https:\/\/lesateliersduphenix.fr\/le-soi\/\">le Soi<\/a>, de d\u00e9couvrir son don, sa mission d\u2019incarnation.&nbsp;<\/strong><\/p>\n\n\n\n<figure class=\"wp-block-image\"><img decoding=\"async\" src=\"https:\/\/boitedeblan.com\/wp-content\/uploads\/2025\/05\/IMG_4612-1.png\" alt=\"\" class=\"wp-image-14327\"\/><\/figure>\n\n\n\n<p>L\u2019Alchimie Blanche \u2013 Une Nouvelle Voie de Transformation Personnelle. <\/p>\n\n\n\n<p>Et si votre parcours int\u00e9rieur suivait les \u00e9tapes secr\u00e8tes des anciens alchimistes ? <\/p>\n\n\n\n<p>L\u2019Alchimie Blanche vous invite \u00e0 explorer un chemin de d\u00e9veloppement personnel inspir\u00e9 des traditions alchimiques, r\u00e9invent\u00e9es au service de l\u2019\u00e9veil contemporain. Le livre co-\u00e9crit avec Blandine Mulliez commence par un test intuitif et r\u00e9v\u00e9lateur qui vous permet d\u2019identifier l\u2019\u00e9tape alchimique (\u0152uvre au noir, au blanc, au jaune, ou au rouge) dans laquelle vous vous trouvez actuellement. Une boussole pour engager un travail int\u00e9rieur juste, personnalis\u00e9 et profond.<\/p>\n\n\n\n<p>\u00c0 travers des textes inspirants, des cl\u00e9s symboliques, et une approche sensible du processus de transformation, les autrices vous accompagnent pas \u00e0 pas dans ce voyage alchimique moderne.<\/p>\n\n\n\n<p>Et ce n\u2019est que le d\u00e9but\u2026 L\u2019Alchimie Blanche s\u2019ouvre aussi sur le vivant : des ateliers cr\u00e9atifs sont propos\u00e9s pour prolonger l\u2019exp\u00e9rience par la pratique picturale. Un espace d\u2019expression libre, sensorielle et symbolique pour mettre en couleur votre propre m\u00e9tamorphose.<\/p>\n\n\n\n<p>Un livre comme un rituel d\u2019\u00e9veil. Une pratique comme une \u0153uvre d\u2019art int\u00e9rieure. Une voie lumineuse pour transmuter votre r\u00e9alit\u00e9.<\/p>\n\n\n\n<figure class=\"wp-block-image\"><img decoding=\"async\" src=\"https:\/\/boitedeblan.com\/wp-content\/uploads\/2025\/06\/Capture-decran-2025-06-06-a-10.14.30-1024x372.png\" alt=\"\" class=\"wp-image-15560\"\/><\/figure>\n\n\n\n<p>Gr\u00e2ce \u00e0 un medium pictural et \u00e0 des techniques \u00e9nerg\u00e9tiques,&nbsp; les visages de notre inconscient peuvent apparaitre sur la toile. Ce sont autant des petits cailloux que nous avons laiss\u00e9 inconsciemment sur notre route, tels les pi\u00e8ces essentielles de notre puzzle \u00e0 reconstituer.<\/p>\n\n\n\n<figure class=\"wp-block-image\"><img decoding=\"async\" src=\"https:\/\/lesateliersduphenix.fr\/wp-content\/uploads\/2025\/03\/IMG_20190707_1644002-576x1024.jpg\" alt=\"\" class=\"wp-image-787\"\/><\/figure>\n\n\n\n<p>Red\u00e9couverte au prisme de la psychologie moderne par Carl Gustav Jung (m\u00e9decin psychiatre suisse, 1875-1961, fondateur de la psychologie analytique) dans les ann\u00e9es 1930, <strong>l\u2019Alchimie<\/strong> se r\u00e9v\u00e8le une voie initiatique majeure de notre culture occidentale. Le travail de Jung porte essentiellement sur l\u2019\u00e9tude des r\u00eaves et permet d\u2019interroger l\u2019inconscient. Il a d\u00e9couvert ainsi que chacun de nous porte en lui une instance clairvoyante et profond\u00e9ment aimante, l\u2019inconscient, qui profite la plupart du temps de nos nuits pour s\u2019exprimer.<\/p>\n\n\n\n<p>Les Ateliers du Ph\u00e9nix vous permettent d\u2019interroger cette instance en conscience, en proposant \u00e0 votre mental , votre c\u0153ur et votre corps, une exp\u00e9rience picturale alchimique in\u00e9dite : faire apparaitre <strong>un Essuy\u00e9<\/strong> (<em>un Guide<\/em> sur fond rouge selon le parcours alchimique ou <em>un Alli\u00e9<\/em> sur fond bleu lors d\u2019un atelier ou d\u2019un stage).<\/p>\n\n\n\n<p>L\u2019Essuy\u00e9, r\u00e9alis\u00e9 \u00e0 partir d\u2019une pratique alchimique du XVII\u00e8me si\u00e8cle, consiste donc \u00e0 faire apparaitre (pas peindre, pas dessiner) un visage dans une couche picturale au moyen d\u2019un chiffon. Un lent essuyage, comme un d\u00e9poussi\u00e9rage, qui fait passer ce visage de l\u2019ombre de l\u2019inconscient \u00e0 la lumi\u00e8re de la conscience.<\/p>\n\n\n\n<figure class=\"wp-block-image\"><img decoding=\"async\" src=\"https:\/\/boitedeblan.com\/wp-content\/uploads\/2025\/05\/IMG_3356-2-scaled.jpeg\" alt=\"\" class=\"wp-image-14477\"\/><\/figure>\n\n\n\n<p>L\u2019apparition de ce visage fait passer l\u2019<strong>Essuyeur<\/strong> (celui qui r\u00e9alise un Essuy\u00e9) par les 4 phases du Grand \u0153uvre et aboutit \u00e0 une image <a href=\"https:\/\/lesateliersduphenix.fr\/definition-du-mot-psycho-dynamique\/\">psycho-dynamique<\/a> (\u2026) dont l\u2019impact sur l\u2019Essuyeur est non seulement positive mais aussi tr\u00e8s (re)constructive.<\/p>\n\n\n\n<p>L\u2019accompagnement \u00e9nerg\u00e9tique et des rituels sp\u00e9cifiquement cr\u00e9\u00e9s permettent de lever les r\u00e9sistances, blocages \u00e9motionnels et corporels pour permettre \u00e0 cette rencontre, entre l\u2019Essuyeur et son Essuy\u00e9, d\u2019avoir lieu dans les meilleures conditions possibles.<\/p>\n\n\n\n<p><strong>Notre proposition<\/strong> se d\u00e9cline sous forme d\u2019un parcours alchimique sur un an en 5 ateliers <em>(<a href=\"https:\/\/lesateliersduphenix.fr\/les-ateliers-du-phenix\/\">Les Ateliers du Ph\u00e9nix<\/a>)<\/em> OU de stages \u00e0 th\u00e8mes <em>(<a href=\"https:\/\/lesateliersduphenix.fr\/les-stages-du-phenix\/\">Les Stages du Ph\u00e9nix<\/a>)<\/em>, \u00e0 Paris (75) et Dax (40).<\/p>\n\n\n\n<p><strong>Pourquoi Alchimie Blanche ?<\/strong><\/p>\n\n\n\n<p>L\u2019Alchimie est connue pour ses deux grandes voies initiatiques : la voie des m\u00e9taux (pour transformer le plomb en or) et la voie des plantes (la spagyrie). L\u2019Alchimie blanche a en commun avec ces deux grandes voies, les 4 \u00e9tapes majeures du Grand \u0152uvre (\u0153uvres au noir, au blanc, au jaune et au rouge) mais se singularise :<\/p>\n\n\n\n<figure class=\"wp-block-image is-resized\"><img decoding=\"async\" src=\"https:\/\/lesateliersduphenix.fr\/wp-content\/uploads\/2025\/05\/Licorne-etroite.png\" alt=\"\" class=\"wp-image-1395\" style=\"width:141px;height:auto\"\/><\/figure>\n\n\n\n<ul class=\"wp-block-list\">\n<li>par son mode op\u00e9ratoire, s\u2019appuyant sur une pratique picturale du XVII\u00e9me si\u00e8cle fran\u00e7aise, elle-m\u00eame h\u00e9riti\u00e8re des grands chantiers des cath\u00e9drales<\/li>\n\n\n\n<li>par son usage tr\u00e8s sp\u00e9cifique de l\u2019\u0153uvre au blanc (La Licorne)<\/li>\n\n\n\n<li>par la rencontre entre la psychologie , int\u00e9grant les travaux de Jung et l\u2019\u00e9nerg\u00e9tique, et le laboratoire (l\u2019atelier de peinture)<\/li>\n\n\n\n<li>par une approche essentiellement f\u00e9minine qui n\u2019exclut en rien le travail des hommes (l\u00e0 o\u00f9 l\u2019inverse n\u2019a pas toujours lieu)<\/li>\n<\/ul>\n\n\n\n<p><strong>Comment fait-on ?<\/strong><\/p>\n\n\n\n<p>En alchimie, l\u2019exp\u00e9rimentateur est partie prenante de l\u2019exp\u00e9rience. Ce qu\u2019il r\u00e9alise \u00ab&nbsp;dans son creuset&nbsp;\u00bb est une projection de lui-m\u00eame.<\/p>\n\n\n\n<p>Ainsi, l\u2019Essuyage n\u2019est pas une technique picturale mais une <strong>pratique picturale<\/strong>. Les Ateliers du Ph\u00e9nix ne proposent pas un cours de peinture mais une <strong>exp\u00e9rience picturale<\/strong>. L\u2019atelier en est le laboratoire alchimique.<\/p>\n\n\n\n<p>Notre m\u00e9dium pictural, <strong>le Glacis<\/strong>, est une d\u00e9clinaison des 3 grands \u00e9l\u00e9ments de l\u2019approche alchimique : <strong>le souffre, le mercure et le sel<\/strong>. Il a \u00e9t\u00e9 invent\u00e9 au XVII\u00e8me si\u00e8cle par une corporation professionnelle pour r\u00e9aliser de grands d\u00e9cors peints. Ce principe est actif et entretient avec l\u2019exp\u00e9rimentateur (l\u2019Essuyeur) un dialogue qui, in\u00e9vitablement, lui fait traverser le Grand \u0152uvre.<\/p>\n\n\n\n<p>L\u2019\u00e9nerg\u00e9tique en facilite l\u2019\u00e9mulsion.<\/p>\n\n\n\n<p><strong>Quel en est le but ?<\/strong><\/p>\n\n\n\n<p>Nous partons \u00e0 la recherche d\u2019informations (sous formes de visages Essuy\u00e9s) qui vont nous permettre d\u2019\u00eatre \u00e0 l\u2019endroit o\u00f9 chacun de nous se sent dans la joie, la fluidit\u00e9 et la&nbsp; facilit\u00e9.<\/p>\n\n\n\n<p>C\u2019est un travail exigeant et puissant, un travail qui commence dans l\u2019ombre de l\u2019inconscient pour aller vers la lumi\u00e8re de la conscience.<\/p>\n\n\n\n<p>Nous travaillons ensemble depuis presque 10 ans, avons accompagn\u00e9 de nombreux groupes et rev\u00e9cu avec chacun d\u2019entre eux un Grand \u0152uvre.<\/p>\n","protected":false},"excerpt":{"rendered":"<p>L\u2019alchimie Blanche est une voie initiatique qui permet d\u2019\u00e9clairer le chemin vers le Soi, de d\u00e9couvrir son don, sa mission d\u2019incarnation.&nbsp; L\u2019Alchimie Blanche \u2013 Une Nouvelle Voie de Transformation Personnelle. Et si votre parcours int\u00e9rieur suivait les \u00e9tapes secr\u00e8tes des anciens alchimistes ? L\u2019Alchimie Blanche vous invite \u00e0 explorer un chemin de d\u00e9veloppement personnel inspir\u00e9 des traditions alchimiques, r\u00e9invent\u00e9es au service de l\u2019\u00e9veil contemporain. Le livre co-\u00e9crit avec Blandine Mulliez commence par un test intuitif et r\u00e9v\u00e9lateur qui vous permet d\u2019identifier l\u2019\u00e9tape alchimique (\u0152uvre au noir, au blanc, au jaune, ou au rouge) dans laquelle vous vous trouvez actuellement. Une boussole pour engager un travail int\u00e9rieur juste, personnalis\u00e9 et profond. \u00c0 travers des textes inspirants, des cl\u00e9s symboliques, et une approche sensible du processus de transformation, les autrices vous accompagnent pas \u00e0 pas dans ce voyage alchimique moderne. Et ce n\u2019est que le d\u00e9but\u2026 L\u2019Alchimie Blanche s\u2019ouvre aussi sur le&hellip;<\/p>\n<p> <a class=\"more-link\" href=\"https:\/\/lavoieduphenix.fr\/index.php\/les-ateliers-du-phenix\/\">Lire la suite<\/a><\/p>\n","protected":false},"author":1,"featured_media":0,"parent":0,"menu_order":0,"comment_status":"closed","ping_status":"closed","template":"","meta":{"footnotes":""},"class_list":["post-25","page","type-page","status-publish"],"_links":{"self":[{"href":"https:\/\/lavoieduphenix.fr\/index.php\/wp-json\/wp\/v2\/pages\/25","targetHints":{"allow":["GET"]}}],"collection":[{"href":"https:\/\/lavoieduphenix.fr\/index.php\/wp-json\/wp\/v2\/pages"}],"about":[{"href":"https:\/\/lavoieduphenix.fr\/index.php\/wp-json\/wp\/v2\/types\/page"}],"author":[{"embeddable":true,"href":"https:\/\/lavoieduphenix.fr\/index.php\/wp-json\/wp\/v2\/users\/1"}],"replies":[{"embeddable":true,"href":"https:\/\/lavoieduphenix.fr\/index.php\/wp-json\/wp\/v2\/comments?post=25"}],"version-history":[{"count":3,"href":"https:\/\/lavoieduphenix.fr\/index.php\/wp-json\/wp\/v2\/pages\/25\/revisions"}],"predecessor-version":[{"id":213,"href":"https:\/\/lavoieduphenix.fr\/index.php\/wp-json\/wp\/v2\/pages\/25\/revisions\/213"}],"wp:attachment":[{"href":"https:\/\/lavoieduphenix.fr\/index.php\/wp-json\/wp\/v2\/media?parent=25"}],"curies":[{"name":"wp","href":"https:\/\/api.w.org\/{rel}","templated":true}]}}