{"id":11,"date":"2025-03-16T17:22:52","date_gmt":"2025-03-16T16:22:52","guid":{"rendered":"https:\/\/lavoieduphenix.fr\/?page_id=11"},"modified":"2025-11-09T17:41:47","modified_gmt":"2025-11-09T16:41:47","slug":"le-concept","status":"publish","type":"page","link":"https:\/\/lavoieduphenix.fr\/","title":{"rendered":"R\u00e9v\u00e9ler le Grand en Soi&#8230;"},"content":{"rendered":"\n<p>Pour acc\u00e9der \u00e0 votre plein potentiel, vous avez besoin&#8230;<\/p>\n\n\n\n<p>&#8230; de comprendre qui vous \u00eates, entre vos ombres et vos ressources<\/p>\n\n\n\n<p>&#8230; d&rsquo;outils et d&rsquo;un cadre s\u00e9cure,<\/p>\n\n\n\n<p>&#8230; de canaliser votre hyper-sensibilit\u00e9 et de comprendre vos intuitions,<\/p>\n\n\n\n<p>&#8230; de comprendre ce qui vous manque encore pour vous aimer inconditionnellement,<\/p>\n\n\n\n<p>&#8230; de contacter vos forces pour briser ce qui vous semble encore un plafond de verre.<\/p>\n\n\n\n<div style=\"height:38px\" aria-hidden=\"true\" class=\"wp-block-spacer\"><\/div>\n\n\n\n<p>Je vous accompagne dans une approche holistique et pluridisciplinaire pour que s&rsquo;active en vous votre pleine puissance.<\/p>\n\n\n\n<p>Mon but est de permettre \u00e0 chacun d&rsquo;entre nous d&rsquo;incarner sa raison d&rsquo;\u00catre, pour le plus grand bien de tous.<\/p>\n\n\n\n<p>Vous pouvez venir faire <a href=\"https:\/\/lavoieduphenix.fr\/index.php\/le-soin\/\" data-type=\"page\" data-id=\"29\"><strong>un soin<\/strong><\/a>, engager un <a href=\"https:\/\/lavoieduphenix.fr\/index.php\/la-therapie\/\" data-type=\"page\" data-id=\"172\"><strong>travail th\u00e9rapeutique<\/strong><\/a>, faire <a href=\"https:\/\/lavoieduphenix.fr\/index.php\/supervision\/\" data-type=\"page\" data-id=\"328\"><strong>superviser<\/strong><\/a> votre pratique, suivre <strong><a href=\"https:\/\/lavoieduphenix.fr\/index.php\/latelier-des-geants\/\" data-type=\"page\" data-id=\"21\">un atelier<\/a><\/strong>, ou encore vous <a href=\"https:\/\/lavoieduphenix.fr\/index.php\/la-formation\/\" data-type=\"page\" data-id=\"27\"><strong>former \u00e0 La Voie du Ph\u00e9nix<\/strong><\/a>.<\/p>\n\n\n\n<p><\/p>\n","protected":false},"excerpt":{"rendered":"<p>Pour acc\u00e9der \u00e0 votre plein potentiel, vous avez besoin&#8230; &#8230; de comprendre qui vous \u00eates, entre vos ombres et vos ressources &#8230; d&rsquo;outils et d&rsquo;un cadre s\u00e9cure, &#8230; de canaliser votre hyper-sensibilit\u00e9 et de comprendre vos intuitions, &#8230; de comprendre ce qui vous manque encore pour vous aimer inconditionnellement, &#8230; de contacter vos forces pour briser ce qui vous semble encore un plafond de verre. Je vous accompagne dans une approche holistique et pluridisciplinaire pour que s&rsquo;active en vous votre pleine puissance. Mon but est de permettre \u00e0 chacun d&rsquo;entre nous d&rsquo;incarner sa raison d&rsquo;\u00catre, pour le plus grand bien de tous. Vous pouvez venir faire un soin, engager un travail th\u00e9rapeutique, faire superviser votre pratique, suivre un atelier, ou encore vous former \u00e0 La Voie du Ph\u00e9nix.<\/p>\n","protected":false},"author":1,"featured_media":0,"parent":0,"menu_order":0,"comment_status":"closed","ping_status":"closed","template":"","meta":{"footnotes":""},"class_list":["post-11","page","type-page","status-publish"],"_links":{"self":[{"href":"https:\/\/lavoieduphenix.fr\/index.php\/wp-json\/wp\/v2\/pages\/11","targetHints":{"allow":["GET"]}}],"collection":[{"href":"https:\/\/lavoieduphenix.fr\/index.php\/wp-json\/wp\/v2\/pages"}],"about":[{"href":"https:\/\/lavoieduphenix.fr\/index.php\/wp-json\/wp\/v2\/types\/page"}],"author":[{"embeddable":true,"href":"https:\/\/lavoieduphenix.fr\/index.php\/wp-json\/wp\/v2\/users\/1"}],"replies":[{"embeddable":true,"href":"https:\/\/lavoieduphenix.fr\/index.php\/wp-json\/wp\/v2\/comments?post=11"}],"version-history":[{"count":127,"href":"https:\/\/lavoieduphenix.fr\/index.php\/wp-json\/wp\/v2\/pages\/11\/revisions"}],"predecessor-version":[{"id":367,"href":"https:\/\/lavoieduphenix.fr\/index.php\/wp-json\/wp\/v2\/pages\/11\/revisions\/367"}],"wp:attachment":[{"href":"https:\/\/lavoieduphenix.fr\/index.php\/wp-json\/wp\/v2\/media?parent=11"}],"curies":[{"name":"wp","href":"https:\/\/api.w.org\/{rel}","templated":true}]}}